{"id":117,"date":"2022-06-22T03:07:28","date_gmt":"2022-06-22T03:07:28","guid":{"rendered":"https:\/\/voixferrees.qc.ca\/dev_externe_2022_1\/?page_id=117"},"modified":"2025-12-23T12:04:41","modified_gmt":"2025-12-23T17:04:41","slug":"a-propos","status":"publish","type":"page","link":"https:\/\/voixferrees.qc.ca\/dev_externe_2022_1\/a-propos\/","title":{"rendered":"\u00c0 propos"},"content":{"rendered":"\n<p>Pour tout savoir sur l&rsquo;ensemble vocal montr\u00e9alais, son r\u00e9pertoire \u00e9clectique et sa directrice musicale Gabrielle Beaulieu-Brossard.<\/p>\n\n\n\n<!--more-->\n\n\n\n<h1 class=\"wp-block-heading\" id=\"qui\">Qui nous sommes<\/h1>\n\n\n\n<p>Les Voix Ferr\u00e9es composent un ensemble vocal caract\u00e9ris\u00e9 par l\u2019<strong>accessibilit\u00e9<\/strong>, par l\u2019<strong>engagement de ses membres<\/strong>&nbsp;et par un fonctionnement fond\u00e9 sur leur&nbsp;<strong>implication responsable<\/strong>&nbsp;dans une&nbsp;<strong>d\u00e9mocratie participative<\/strong>. Depuis 1992, l\u2019ensemble a fait sa niche dans le c\u0153ur des Montr\u00e9alais et si sa composition a \u00e9videmment chang\u00e9 au fil des ans, la vocation de d\u00e9part demeure :&nbsp;<strong>chanter pour le plaisir!<\/strong><\/p>\n\n\n<div class=\"wp-block-image\">\n<figure class=\"alignright size-large is-resized\"><a href=\"https:\/\/voixferrees.qc.ca\/dev_externe_2022_1\/wp-content\/uploads\/2022\/07\/PA-3-LeaDesmars-1024x680.jpg\"><img loading=\"lazy\" decoding=\"async\" width=\"1024\" height=\"680\" src=\"https:\/\/voixferrees.qc.ca\/dev_externe_2022_1\/wp-content\/uploads\/2022\/07\/PA-3-LeaDesmars-1024x680.jpg\" alt=\"\" class=\"wp-image-209\" style=\"width:475px\" srcset=\"https:\/\/voixferrees.qc.ca\/dev_externe_2022_1\/wp-content\/uploads\/2022\/07\/PA-3-LeaDesmars-1024x680.jpg 1024w, https:\/\/voixferrees.qc.ca\/dev_externe_2022_1\/wp-content\/uploads\/2022\/07\/PA-3-LeaDesmars-300x199.jpg 300w, https:\/\/voixferrees.qc.ca\/dev_externe_2022_1\/wp-content\/uploads\/2022\/07\/PA-3-LeaDesmars-768x510.jpg 768w, https:\/\/voixferrees.qc.ca\/dev_externe_2022_1\/wp-content\/uploads\/2022\/07\/PA-3-LeaDesmars-1536x1020.jpg 1536w, https:\/\/voixferrees.qc.ca\/dev_externe_2022_1\/wp-content\/uploads\/2022\/07\/PA-3-LeaDesmars-2048x1360.jpg 2048w\" sizes=\"auto, (max-width: 767px) 89vw, (max-width: 1000px) 54vw, (max-width: 1071px) 543px, 580px\" \/><\/a><\/figure>\n<\/div>\n\n\n<p>Si le r\u00e9pertoire des Voix Ferr\u00e9es est unique, son engagement social et artistique l\u2019est aussi et nombreuses sont les causes pour lesquelles le ch\u0153ur est sollicit\u00e9. Au cours des derni\u00e8res ann\u00e9es, on a notamment pu entendre les Voix Ferr\u00e9es au camp de r\u00e9fugi\u00e9s mis sur pied par l\u2019ATSA (Action terroriste socialement acceptable) \u00e0 l\u2019intention des sans-abris montr\u00e9alais, aux spectacles b\u00e9n\u00e9fices de la Ligue des Droits et Libert\u00e9s et \u00e0 la Marche aux flambeaux de l\u2019avenue du Mont-Royal, un \u00e9v\u00e9nement organis\u00e9 au profit de familles d\u00e9munies du Plateau Mont-Royal.<\/p>\n\n\n\n<p>Les prestations impromptues font partie de la tradition des Voix Ferr\u00e9es et les choristes se retrouvent apr\u00e8s les r\u00e9p\u00e9titions dans un bar du quartier pour continuer le travail tout en prenant un verre et ce, pour la plus grande joie des clients. Mais outre ces \u00e9v\u00e9nements spontan\u00e9s, un grand nombre de spectacles soigneusement pr\u00e9par\u00e9s ont bien s\u00fbr marqu\u00e9 le ch\u0153ur.<\/p>\n\n\n\n<p>Les Voix Ferr\u00e9es comptent 52 membres r\u00e9partis \u00e9galement dans les pupitres de sopranos, altos, t\u00e9nors et basses. Leur r\u00e9pertoire \u00e9clectique et inspirant, une mise en sc\u00e8ne soign\u00e9e mettant en valeur l\u2019univers explor\u00e9 durant l\u2019ann\u00e9e, une \u00e9nergie d\u00e9bordante et sans cesse renouvel\u00e9e; voil\u00e0 ce que l\u2019ensemble offre \u00e0 son public \u00e0 chacune de ses prestations.<\/p>\n\n\n\n<h1 class=\"wp-block-heading\" id=\"repertoire\">R\u00e9pertoire<\/h1>\n\n\n<div class=\"wp-block-image\">\n<figure class=\"alignright size-large is-resized\"><a href=\"https:\/\/voixferrees.qc.ca\/dev_externe_2022_1\/wp-content\/uploads\/2022\/07\/bad-romance.jpeg\"><img loading=\"lazy\" decoding=\"async\" width=\"1024\" height=\"683\" src=\"https:\/\/voixferrees.qc.ca\/dev_externe_2022_1\/wp-content\/uploads\/2022\/07\/bad-romance-1024x683.jpeg\" alt=\"\" class=\"wp-image-213\" style=\"width:475px;height:316px\" srcset=\"https:\/\/voixferrees.qc.ca\/dev_externe_2022_1\/wp-content\/uploads\/2022\/07\/bad-romance-1024x683.jpeg 1024w, https:\/\/voixferrees.qc.ca\/dev_externe_2022_1\/wp-content\/uploads\/2022\/07\/bad-romance-300x200.jpeg 300w, https:\/\/voixferrees.qc.ca\/dev_externe_2022_1\/wp-content\/uploads\/2022\/07\/bad-romance-768x512.jpeg 768w, https:\/\/voixferrees.qc.ca\/dev_externe_2022_1\/wp-content\/uploads\/2022\/07\/bad-romance-1536x1024.jpeg 1536w, https:\/\/voixferrees.qc.ca\/dev_externe_2022_1\/wp-content\/uploads\/2022\/07\/bad-romance.jpeg 1573w\" sizes=\"auto, (max-width: 767px) 89vw, (max-width: 1000px) 54vw, (max-width: 1071px) 543px, 580px\" \/><\/a><figcaption class=\"wp-element-caption\">photo: Alain Lapierre<\/figcaption><\/figure>\n<\/div>\n\n\n<p>Inclassable. Voil\u00e0 bien la fa\u00e7on de d\u00e9crire en un mot le r\u00e9pertoire des Voix Ferr\u00e9es. Brossant un large tableau de styles musicaux, l\u2019ensemble vocal fait fi de la g\u00e9ographie et de la chronologie, sciences trop exactes pour cette bande de joyeux drilles. Des Beatles au gospel en passant par le folklore international et le chant sacr\u00e9, aucun genre musical ne fait obstacle aux curieux choristes des Voix Ferr\u00e9es. Plusieurs arrangements compos\u00e9s sp\u00e9cialement pour le ch\u0153ur font d\u2019ailleurs partie de son r\u00e9pertoire. Du r\u00e9sultat de ce pot-pourri m\u00e9lodieux sont compos\u00e9s les spectacles \u00e9clectiques des Voix Ferr\u00e9es.<\/p>\n\n\n\n<figure class=\"wp-block-table\"><table><tbody><tr><td class=\"has-text-align-center\" data-align=\"center\">Vous souhaitez obtenir un de nos arrangements originaux?<br>Contactez-nous \u00e0&nbsp;<a href=\"mailto:info@voixferrees.qc.ca\">info@voixferrees.qc.ca<\/a>&nbsp;pour plus d\u2019information.<\/td><\/tr><\/tbody><\/table><\/figure>\n\n\n\n<h1 class=\"wp-block-heading\" id=\"direction\">Direction musicale<\/h1>\n\n\n\n<p>Gabrielle Beaulieu-Brossard est cheffe de ch\u0153ur, directrice musicale, pianiste et violoniste. Sa grande passion pour la musique et les gens, sa rigueur, ainsi que son enthousiasme l\u2019ont men\u00e9e \u00e0 participer \u00e0 toutes sortes de projets en musique classique, en jazz et en musique provenant de diverses cultures. Elle s\u2019est d\u2019ailleurs produite dans plusieurs festivals dont Rythmes d\u2019Afrique et le Festival Orientalys.<\/p>\n\n\n<div class=\"wp-block-image\">\n<figure class=\"alignleft size-large is-resized\"><a href=\"https:\/\/voixferrees.qc.ca\/dev_externe_2022_1\/wp-content\/uploads\/2022\/06\/GabrielleBB-highres-2048x1365-1.jpg\"><img loading=\"lazy\" decoding=\"async\" width=\"1024\" height=\"683\" src=\"https:\/\/voixferrees.qc.ca\/dev_externe_2022_1\/wp-content\/uploads\/2022\/06\/GabrielleBB-highres-2048x1365-1-1024x683.jpg\" alt=\"\" class=\"wp-image-109\" style=\"width:400px\" srcset=\"https:\/\/voixferrees.qc.ca\/dev_externe_2022_1\/wp-content\/uploads\/2022\/06\/GabrielleBB-highres-2048x1365-1-1024x683.jpg 1024w, https:\/\/voixferrees.qc.ca\/dev_externe_2022_1\/wp-content\/uploads\/2022\/06\/GabrielleBB-highres-2048x1365-1-300x200.jpg 300w, https:\/\/voixferrees.qc.ca\/dev_externe_2022_1\/wp-content\/uploads\/2022\/06\/GabrielleBB-highres-2048x1365-1-768x512.jpg 768w, https:\/\/voixferrees.qc.ca\/dev_externe_2022_1\/wp-content\/uploads\/2022\/06\/GabrielleBB-highres-2048x1365-1-1536x1024.jpg 1536w, https:\/\/voixferrees.qc.ca\/dev_externe_2022_1\/wp-content\/uploads\/2022\/06\/GabrielleBB-highres-2048x1365-1.jpg 2048w\" sizes=\"auto, (max-width: 767px) 89vw, (max-width: 1000px) 54vw, (max-width: 1071px) 543px, 580px\" \/><\/a><figcaption class=\"wp-element-caption\">\ud83d\udcf7 Karine Laurence<\/figcaption><\/figure>\n<\/div>\n\n\n<p>Form\u00e9e d\u2019abord en violon classique \u00e0 l\u2019\u00c9cole de musique Vincent- d\u2019Indy, elle termine des \u00e9tudes en musicologie \u00e0 l\u2019Universit\u00e9 de Montr\u00e9al en 2016 avant de compl\u00e9ter un baccalaur\u00e9at en piano jazz \u00e0 l\u2019Universit\u00e9 Concordia, en 2020. Elle d\u00e9cide ensuite de se sp\u00e9cialiser en direction chorale \u00e0 l\u2019Universit\u00e9 McGill, o\u00f9 elle termine une ma\u00eetrise en 2023, sous la direction de Jean-S\u00e9bastien Vall\u00e9e.<\/p>\n\n\n\n<div style=\"clear: both;\">&nbsp;<\/div>\n\n\n\n<p>En plus d\u2019avoir le plaisir de diriger les Voix Ferr\u00e9es, Gabrielle est \u00e9galement directrice artistique du Ch\u0153ur des Berges \u00e0 La Prairie et des Soir\u00e9es vocales \u00e0 Mont-Saint-Hilaire.<\/p>\n\n\n\n<h1 class=\"wp-block-heading\">Photo de groupe 2025-2026<\/h1>\n\n\n<div class=\"wp-block-image\">\n<figure class=\"aligncenter size-large\"><a href=\"https:\/\/voixferrees.qc.ca\/dev_externe_2022_1\/wp-content\/uploads\/2025\/12\/Photo-de-groupe-2025-16x9-3840x2160cAmelie-Frederick-scaled.jpg\" target=\"_blank\" rel=\" noreferrer noopener\"><img loading=\"lazy\" decoding=\"async\" width=\"1024\" height=\"576\" src=\"https:\/\/voixferrees.qc.ca\/dev_externe_2022_1\/wp-content\/uploads\/2025\/12\/Photo-de-groupe-2025-16x9-3840x2160cAmelie-Frederick-1024x576.jpg\" alt=\"\" class=\"wp-image-744\" srcset=\"https:\/\/voixferrees.qc.ca\/dev_externe_2022_1\/wp-content\/uploads\/2025\/12\/Photo-de-groupe-2025-16x9-3840x2160cAmelie-Frederick-1024x576.jpg 1024w, https:\/\/voixferrees.qc.ca\/dev_externe_2022_1\/wp-content\/uploads\/2025\/12\/Photo-de-groupe-2025-16x9-3840x2160cAmelie-Frederick-300x169.jpg 300w, https:\/\/voixferrees.qc.ca\/dev_externe_2022_1\/wp-content\/uploads\/2025\/12\/Photo-de-groupe-2025-16x9-3840x2160cAmelie-Frederick-768x432.jpg 768w, https:\/\/voixferrees.qc.ca\/dev_externe_2022_1\/wp-content\/uploads\/2025\/12\/Photo-de-groupe-2025-16x9-3840x2160cAmelie-Frederick-1536x864.jpg 1536w, https:\/\/voixferrees.qc.ca\/dev_externe_2022_1\/wp-content\/uploads\/2025\/12\/Photo-de-groupe-2025-16x9-3840x2160cAmelie-Frederick-2048x1152.jpg 2048w\" sizes=\"auto, (max-width: 767px) 89vw, (max-width: 1000px) 54vw, (max-width: 1071px) 543px, 580px\" \/><\/a><figcaption class=\"wp-element-caption\">photo: Am\u00e9lie Fr\u00e9d\u00e9rick<\/figcaption><\/figure>\n<\/div>","protected":false},"excerpt":{"rendered":"<p>Pour tout savoir sur l&rsquo;ensemble vocal montr\u00e9alais, son r\u00e9pertoire \u00e9clectique et sa directrice musicale Gabrielle Beaulieu-Brossard.<\/p>\n","protected":false},"author":1,"featured_media":570,"parent":0,"menu_order":0,"comment_status":"closed","ping_status":"closed","template":"","meta":{"footnotes":""},"class_list":["post-117","page","type-page","status-publish","has-post-thumbnail","hentry"],"jetpack_sharing_enabled":true,"_links":{"self":[{"href":"https:\/\/voixferrees.qc.ca\/dev_externe_2022_1\/wp-json\/wp\/v2\/pages\/117","targetHints":{"allow":["GET"]}}],"collection":[{"href":"https:\/\/voixferrees.qc.ca\/dev_externe_2022_1\/wp-json\/wp\/v2\/pages"}],"about":[{"href":"https:\/\/voixferrees.qc.ca\/dev_externe_2022_1\/wp-json\/wp\/v2\/types\/page"}],"author":[{"embeddable":true,"href":"https:\/\/voixferrees.qc.ca\/dev_externe_2022_1\/wp-json\/wp\/v2\/users\/1"}],"replies":[{"embeddable":true,"href":"https:\/\/voixferrees.qc.ca\/dev_externe_2022_1\/wp-json\/wp\/v2\/comments?post=117"}],"version-history":[{"count":46,"href":"https:\/\/voixferrees.qc.ca\/dev_externe_2022_1\/wp-json\/wp\/v2\/pages\/117\/revisions"}],"predecessor-version":[{"id":762,"href":"https:\/\/voixferrees.qc.ca\/dev_externe_2022_1\/wp-json\/wp\/v2\/pages\/117\/revisions\/762"}],"wp:featuredmedia":[{"embeddable":true,"href":"https:\/\/voixferrees.qc.ca\/dev_externe_2022_1\/wp-json\/wp\/v2\/media\/570"}],"wp:attachment":[{"href":"https:\/\/voixferrees.qc.ca\/dev_externe_2022_1\/wp-json\/wp\/v2\/media?parent=117"}],"curies":[{"name":"wp","href":"https:\/\/api.w.org\/{rel}","templated":true}]}}